
-1051333
In base 5, what is 2 + 3244320?
3244322
In base 9, what is 30262050 - -5?
30262055
In base 3, what is -200 + -100220120011?
-100220120211
In base 6, what is -202452502 + 130?
-202452332
In base 3, what is -202212 - -2211001201?
2210021212
In base 4, what is 132120002011 + -323?
132120001022
In base 10, what is -48 + -22521?
-22569
In base 16, what is 5 + 10728d5?
10728da
In base 14, what is -23 + -b6c60?
-b6c83
In base 15, what is 710 - -328?
a38
In base 12, what is b - 7781a8?
-778199
In base 15, what is c91b7 + 13?
c91ca
In base 12, what is -1 - 15a5605?
-15a5606
In base 14, what is -45322102 - 3?
-45322105
In base 10, what is 4 - -12716713?
12716717
In base 4, what is -12 + -11302001320?
-11302001332
In base 15, what is -135 - -13a94?
1395e
In base 8, what is -20013247 + -322?
-20013571
In base 8, what is -41064064 - -6?
-41064056
In base 3, what is -120100101101121 + -1?
-120100101101122
In base 9, what is 3845868 - -6?
3845875
In base 10, what is 6126 + -1145?
4981
In base 11, what is -67480 - -15a2?
-65989
In base 2, what is -1011010001111011001101011 + -100?
-1011010001111011001101111
In base 16, what is -1c8 - 2efc6b?
-2efe33
In base 2, what is 11101011000010110101011000 - -10?
11101011000010110101011010
In base 3, what is -1120202 - -2100111221?
2021221012
In base 6, what is 4321351555 + -2?
4321351553
In base 4, what is -10300020223 - 2001?
-10300022230
In base 15, what is -137e + 24cae?
23930
In base 5, what is -1102 - -123224?
122122
In base 8, what is 11637 + -11?
11626
In base 10, what is -3990 + -39?
-4029
In base 13, what is -57 - -1c0a?
1b83
In base 2, what is -110100101111 + 100111001001100111?
100110010100111000
In base 10, what is 1242 + 99?
1341
In base 10, what is -227917 - 20?
-227937
In base 9, what is -7725 + 3718?
-4006
In base 16, what is cd010d + 2d?
cd013a
In base 2, what is 10101111 - 11010000111111100?
-11010000101001101
In base 6, what is 3 + 44452531000?
44452531003
In base 5, what is -130134 + -42421?
-223110
In base 5, what is 14034 + -224440211?
-224421122
In base 9, what is -4178312 - -265?
-4178036
In base 4, what is 11 - -10200313?
10200330
In base 13, what is 82a2 + 3667?
b939
In base 10, what is 519089 - 8?
519081
In base 9, what is -11 + 25625237?
25625226
In base 5, what is -2421440213 + -10?
-2421440223
In base 8, what is -3 - 10063714?
-10063717
In base 13, what is -3812247 + 5?
-3812242
In base 5, what is 12320133124 + -1?
12320133123
In base 6, what is -53004 + 4125?
-44435
In base 5, what is -222423342011 - -3?
-222423342003
In base 14, what is 11 - -635ca5?
635cb6
In base 9, what is 151562 + 1710?
153372
In base 14, what is -1 - -293d756?
293d755
In base 14, what is -67894d - -55?
-6788d8
In base 9, what is 188 + -21237?
-21038
In base 14, what is 6 + 134032?
134038
In base 14, what is 119 - -a4a77?
a4b92
In base 15, what is -b5eb93 - -4?
-b5eb8e
In base 12, what is -7 + -387439?
-387444
In base 10, what is 0 + -7818734?
-7818734
In base 9, what is -11544033 - -7?
-11544025
In base 5, what is -1312402 + 2122?
-1310230
In base 11, what is -165265 - 7?
-165271
In base 5, what is 3333102 - 444324?
2333223
In base 6, what is -5 - -424403422?
424403413
In base 11, what is 106405971 - -5?
106405976
In base 11, what is 10921 + 20?
10941
In base 6, what is 4 - 1551244433?
-1551244425
In base 2, what is 110111011101001100110001111 - 1?
110111011101001100110001110
In base 15, what is -a4d870 - -21?
-a4d84e
In base 3, what is -11 - 120020122202212?
-120020122210000
In base 9, what is -73 + -132744?
-132827
In base 13, what is 79b - -1884b?
19319
In base 8, what is 4 - -215067503?
215067507
In base 2, what is -1011010100011101001 + -1001?
-1011010100011110010
In base 11, what is 8468201 + -2?
84681aa
In base 3, what is 21122022 - 221022?
20201000
In base 13, what is 472 - -129889?
12a02b
In base 4, what is -10 - -13001202323?
13001202313
In base 11, what is 110aa23 + -10?
110aa13
In base 13, what is -a1 + 18619?
18548
In base 4, what is -113130 + -2103301003?
-2110020133
In base 8, what is -5 - -1112707307?
1112707302
In base 7, what is -54052644 - -14?
-54052630
In base 3, what is 1221222021 + -121120?
1221100201
In base 16, what is e82c1 - 0?
e82c1
In base 2, what is -11011011101 + 10100110011100100?
10100011000000111
In base 4, what is -30031222 + -102023?
-30133311
In base 7, what is 10125101 + -145?
10124623
In base 4, what is -232211330312 + 10?
-232211330302
In base 15, what is -321 - 42c7b?
-4309c
In base 5, what is -1 + 220204140?
220204134
In base 7, what is 2 - -2562345510?
2562345512
In base 15, what is -6 + -9a7a49?
-9a7a50
In base 8, what is -344 + 7766177?
7765633
In base 8, what is -242 + -744462?
-744724
In base 14, what is 2 - -16a12c2?
16a12c4
In base 4, what is -210120 + 112301020?
112030300
In base 9, what is 3 + 61701106?
61701110
In base 16, what is -d1 - -13d6?
1305
In base 7, what is -15336 + -21433?
-40102
In base 7, what is -20502340 + -34?
-20502404
In base 3, what is 1220012202122 - 2122?
1220012200000
In base 7, what is 5505 - 435360?
-426552
In base 10, what is 686423 + -82?
686341
In base 3, what is 1000021200220000 + 10?
1000021200220010
In base 6, what is 21 + -231010345?
-231010324
In base 4, what is -2323131222002 - 3?
-2323131222011
In base 15, what is 192c080 + -2?
192c07d
In base 5, what is 41324 - 44104?
-2230
In base 2, what is -1010010111010001111100001 - 1?
-1010010111010001111100010
In base 2, what is 11001000101111000011111111 + 11?
11001000101111000100000010
In base 14, what is 8c63c0 - 33?
8c638b
In base 11, what is 157719 + -10?
157709
In base 11, what is 195 + -56783?
-56599
In base 3, what is -112111201110022 - -2002?
-112111201101020
In base 16, what is 5 - 35689ae?
-35689a9
In base 11, what is -1112297 - -18?
-111227a
In base 5, what is -3312232134 - -124?
-3312232010
In base 10, what is -25 + -401754?
-401779
In base 12, what is -11bb75 + -1005?
-120b7a
In base 3, what is -1201 - 10022111022?
-10022120000
In base 15, what is 9d58ab + 4?
9d58b0
In base 4, what is -110312312013 + -2?
-110312312021
In base 12, what is -9 + 6662ab?
6662a2
In base 16, what is -23d66 - -6b?
-23cfb
In base 9, what is 630 - 6184?
-5454
In base 4, what is -3013203303 - -230?
-3013203013
In base 14, what is 7006abc2 - 0?
7006abc2
In base 14, what is 150c0 + 5d3?
156b3
In base 12, what is -104b - -4209?
317a
In base 8, what is 13134 - 4305?
6627
In base 6, what is 22213 - -1115012?
1141225
In base 3, what is -221220022 - -212121210?
-2021112
In base 3, what is -1002 + 2101202212010?
2101202211001
In base 2, what is 11000100001010000101000001111 - 0?
11000100001010000101000001111
In base 10, what is 20 + -110901?
-110881
In base 11, what is -17a10 - -784?
-17237
In base 9, what is -273566 - 700?
-274366
In base 3, what is -212011 + 1010000120121?
1002222201110
In base 5, what is -2014131103 + -2?
-2014131110
In base 14, what is 4 - -2c97da1a?
2c97da20
In base 13, what is -20446 + -398?
-20811
In base 15, what is 1ba49c1 + 1?
1ba49c2
In base 16, what is c9 - -d526?
d5ef
In base 10, what is 4981218 + -4?
4981214
In base 6, what is 150320 - 2152401?
-2002041
In base 2, what is -100 + -1001001011100101011101001?
-1001001011100101011101101
In base 6, what is -335214010031 + -5?
-335214010040
In base 13, what is 96 - 21664?
-2159b
In base 3, what is 20022220211202 + -10111?
20022220201021
In base 15, what is 0 - -8066d?
8066d
In base 10, what is -44287486 - -18?
-44287468
In base 9, what is 734616 - -1071?
735687
In base 9, what is 510868 + 14?
510883
In base 4, what is -102 + 2331003200212?
2331003200110
In base 13, what is 25213a - -64?
2521a1
In base 13, what is 563 - -3804c?
385b2
In base 5, what is -330 + -3310404?
-3311234
In base 16, what is 3f5 - -142e1?
146d6
In base 13, what is 1 + -46066a7b?
-46066a7a
In base 8, what is -12600 - -1167?
-11411
In base 6, what is 1245 + 102312?
104001
In base 11, what is 98 - 2515014?
-2514a27
In base 16, what is 3fee13 + -e?
3fee05
In base 8, what is -36215757 + -7?
-36215766
In base 13, what is 8 - 4290a5?
-42909a
In base 13, what is 63826 - 68?
6378b
In base 8, what is 1636064754 + 0?
1636064754
In base 6, what is 10120 - 15040?
-4520
In base 13, what is -578176 + 11?
-578165
In base 5, what is 1301300114 - 32?
1301300032
In base